 + 4 + 5 + 15. Suppose 0 = d*k - 145 - 63. Calculate the remainder when l is divided by k.
13
Let f = -99 + 104. Suppose -5*t + 27 + 19 = 2*h, 3*t = -f*h + 115. Suppose -5*l - 19 + 84 = 0. Calculate the remainder when h is divided by l.
10
Suppose -2*c = -4*c + 178. What is the remainder when c is divided by (18 - (-184)/(-72)) + (-4)/9?
14
Suppose 70*h + 84*h - 20482 = 0. What is the remainder when 494 is divided by h?
95
Suppose -4*m - 2*i = 16, 24 = -5*m - 2*i + 2. Let b be 1307/m - (-1)/(-6). Calculate the remainder when ((-4)/(-10))/((-5)/(b + -7)) is divided by 8.
2
Let x(d) = -2*d**2 + 10*d + 4. Let v = -1729 + 1748. What is the remainder when v is divided by x(5)?
3
Calculate the remainder when (-10)/(20/(-342)) + (-4)/(-6)*9 is divided by 14.
9
Suppose -5456 = -66*g - 968. What is the remainder when 370 is divided by g?
30
Suppose 9*l - 20 = 7*l. Suppose -4*y + 5*y = -l. What is the remainder when (-6)/(-15) - 136/y is divided by 3?
2
Let i = 6 - -28. Let d = 2754 + -2554. Calculate the remainder when d is divided by i.
30
Let l = 993 + -575. Suppose 12*b - 506 = l. Let p = -65 + b. Calculate the remainder when p is divided by 9.
3
Suppose 112*a = 70*a + 378. Suppose -9 - 25 = -2*v. What is the remainder when v is divided by a?
8
Suppose -b = -4*b + 39. Suppose 0 = -3*t - 5*v - 28 + 8, -4*t - 16 = 4*v. Suppose t = f - 50 + 3. What is the remainder when f is divided by b?
8
Suppose 860 = 4*o - 4*c, 0 = o - 38*c + 42*c - 210. Calculate the remainder when o is divided by 55.
49
Let d = 2490 - 2464. Calculate the remainder when 1400 is divided by d.
22
Suppose -5*j - 1804 = 6*j. Let i = 284 + j. What is the remainder when i is divided by 41?
38
Let d(x) = 8*x - 29. Let t(z) = -z**2 - z - 1. Let k(w) = d(w) - 2*t(w). Calculate the remainder when k(-9) is divided by 16.
13
Suppose -53 = 216*j - 217*j - 2*w, 0 = 4*j - w - 140. What is the remainder when 2884 is divided by j?
35
What is the remainder when (621/4 + -2)/(33*(-33)/(-4356)) is divided by 22?
19
Let y(j) = 41*j - 601. Calculate the remainder when y(18) is divided by 76.
61
Suppose -58*w - 48*w = -51940. Calculate the remainder when w is divided by 114.
34
Let b(k) = -53*k**3 - 2*k**2 + 1. Let w(x) = -19*x**3 - 8*x**2 - 22*x - 12. Calculate the remainder when b(-1) is divided by w(-1).
10
Let c(x) = -2*x**2 + 42*x - 3. Let y be c(21). Calculate the remainder when (-6 - 628/y)*3/2 is divided by 51.
50
Let o = 4 - -25. Let a(z) = 7*z**3 + z - 3. Let w = 80 - 78. Calculate the remainder when a(w) is divided by o.
26
Suppose 105 = u - r + 5*r, -4*r - 90 = -2*u. Let n(q) be the second derivative of -5*q**3/6 + q**2 - q. What is the remainder when u is divided by n(-3)?
14
Let b = 6494 + -6479. What is the remainder when 2249 is divided by b?
14
Suppose 5*r = w + 478, -4*r = -r - 2*w - 291. Suppose r*f + 105 = 102*f. Calculate the remainder when 27 is divided by f.
12
Let q be (64/(-48))/(2/51). Let r = 44 - q. What is the remainder when -1 + 1 + (r - (4 + -9)) is divided by 17?
15
Let k = 68312 + -68201. Suppose -x + i + 4 = 6*i, 0 = x + 3*i - 10. What is the remainder when k is divided by x?
16
Suppose 125*r = 35777 - 2409 + 4132. Calculate the remainder when r is divided by 62.
52
Let q(a) = -a**2 + 9*a - 4. Let d(c) = -c**3 + 4*c - 5. Let t be d(-3). Suppose 18*o = t*o + 632. Calculate the remainder when o is divided by q(5).
15
Let x(m) = -62*m - 18. Let j(a) = -a + 1. Let f(w) = 4*j(w) + x(w). Let g = -33 + 57. Calculate the remainder when f(-2) is divided by g.
22
Let i = 171 - 142. What is the remainder when 3767 is divided by i?
26
Let q = 992 - 670. Let a = q + -299. What is the remainder when 89 is divided by a?
20
Let b(i) = 191*i + 971. What is the remainder when 93 is divided by b(-5)?
13
Let w be 13/((-351)/(-4842)) - 4/(-6). Suppose w = -17*b + 27*b. What is the remainder when 27 is divided by b?
9
Suppose y - 4*r - 41 = -2*y, -1 = -3*y - 4*r. Suppose y*f + 11 = -3. Let x = 12 + f. What is the remainder when x is divided by 3?
1
Calculate the remainder when 1246284/494 + 3/19 is divided by 168.
3
Suppose 19*g - 337 - 328 = 0. Suppose v = 2*v - 4*a, -g = -2*v + a. What is the remainder when 212 is divided by v?
12
Suppose 5*f - f + 1 = -5*a, 2*f = 4*a + 6. Let l(o) = 31*o + 24. Calculate the remainder when 217 is divided by l(f).
52
What is the remainder when 739 is divided by (133/(-35) - -4) + 458*48/30?
6
Let t = 345 - 343. Suppose 0 = -4*y - t*j + 320, 82 = y - j + 2. What is the remainder when y is divided by 21?
17
Let x = 12948 - 12941. Let k = 0 + 2. What is the remainder when x is divided by k?
1
Let z = 3119 + -914. Calculate the remainder when z is divided by 85.
80
Let u(t) = -635*t - 10*t**2 + 7 + 322*t - 2*t**3 + 312*t. What is the remainder when 31 is divided by u(-5)?
7
Let u(a) = a**2 - 7*a + 12. Let g be u(9). Suppose 2*s + 4*s - g = 0. Suppose -2*r - k - k + 34 = 0, -s*k = -15. What is the remainder when 66 is divided by r?
10
Let x(w) = w**3 - 113*w**2 - 3*w + 117. What is the remainder when x(0) is divided by 24?
21
Let w = -53 + 53. Suppose w = -0*n - 2*n + 4, 14 = -2*j + 4*n. Calculate the remainder when 7 is divided by (1/1)/(j*1/(-6)).
1
Let c = -21821 - -21911. Suppose 3*n = -n + 112. What is the remainder when c is divided by n?
6
Let r = 16 - 11. Let f be (-7)/(-4 - -6 - 1). Let v(d) = -d**3 - 6*d**2 + 8*d + 9. What is the remainder when r is divided by v(f)?
1
Suppose 360 = 3*j + 5*x, 0 = 2*j - 3*x + 31 - 290. Suppose 89 = -l + j. What is the remainder when l is divided by 13?
10
Suppose 0 = -15*q + 6*q + 5949. Suppose 4*v - 4 = 8*v, 0 = -4*r - 3*v + q. Calculate the remainder when r is divided by 59.
48
Suppose 5*b - 14 = -4*z, -5*b - 12 = 11*z + 2. Calculate the remainder when 102 is divided by b.
0
Suppose 4*g + 2*f - 4 = 4, -2*f + 6 = 2*g. Suppose 3*b - 143 = p, 0 = -3*p - 5 - g. Let i = b - 37. Calculate the remainder when 68 is divided by i.
8
Let p(j) = j**3 - 9*j**2 + 9*j - 44. Let m be 9/6*66/9. Suppose -m = -2*n + 15. Calculate the remainder when p(9) is divided by n.
11
Let n(s) = 9*s + 1. Let j be n(1). Let x be (385/(-275))/((-2)/20). Suppose -j*r = -x*r + 100. What is the remainder when 45 is divided by r?
20
Let x(g) = 18*g + 20. Let q(j) = j - 2. Let v(f) = 5*q(f) - x(f). Calculate the remainder when 32 is divided by v(-4).
10
Let m = -304 - -83. Let k = m - -235. What is the remainder when k is divided by 6?
2
Let q(r) = 253*r**3 - 5*r**2 + 14*r - 9. What is the remainder when q(1) is divided by 134?
119
Let v = -3061 - -4424. Calculate the remainder when v is divided by 92.
75
Calculate the remainder when 6*4/36*(-10)/(200/(-68070)) is divided by 69.
61
Suppose 385*n = 360*n + 2250. What is the remainder when n is divided by 3?
0
Let y be 6 - 2/((-10)/(-5))*4. Suppose -m = -5*k - 704, 7*k - y*k - 10 = 0. Calculate the remainder when m is divided by 55.
54
What is the remainder when 406 is divided by (-16)/(-16) - 3 - -43?
37
Let f be 1 - (2 + 4 + 3 + -6). What is the remainder when 361 is divided by (3/6)/(f/(-292))?
69
Suppose -3*v + 0*v = -501. Let r(z) = -z**2 + 37*z - 288. What is the remainder when v is divided by r(15)?
41
Suppose -3*y - 323 = -5*f, 14*f - 91 = y + 9*f. Let l = -17 - y. Suppose 2*x - 138 = -4*o, 5*x + l = o + o. What is the remainder when 64 is divided by o?
27
Let h(u) = -4*u**2 + 1. Let k be h(-4). Let g = -61 - k. Suppose g = i - 16. What is the remainder when 71 is divided by i?
17
Suppose -57*n = -60*n + 12, 4*d + 5*n - 100 = 0. What is the remainder when 174 is divided by d?
14
Suppose -125 = -5*u + 5*f, -5*u + 71*f - 75*f = -170. Calculate the remainder when 8/(-10)*290/(-4) is divided by u.
28
Let t = 353 - -30. Calculate the remainder when t is divided by 110.
53
Let n(z) = -24*z + 135. Calculate the remainder when n(1) is divided by 42.
27
Let c = 407 - 404. Calculate the remainder when 141 is divided by (c - 168/(-9)) + 2/(-3).
15
Suppose 3*o + 3*x = 788 + 664, 0 = 4*o + 5*x - 1934. Calculate the remainder when o is divided by 81.
0
Let a(y) = 36*y - 3. Suppose -5*o - 8 = 79*k - 81*k, -o - 16 = -k. Calculate the remainder when a(2) is divided by k.
21
Let s(f) = -73*f - 55. Let u = 28 + 3. What is the remainder when u is divided by s(-1)?
13
Let b be 5/(-2*6/(-132)). Suppose -n + 5*h = -1